0856
-284814 (base 14) to base 16
-154b52
654135 (base 7) to base 10
114294
-665350 (base 10) to base 15
-d221a
Convert 6bb76d (base 14) to base 9.
6830552
-100001110010111011001 (base 2) to base 14
-20b813
-7852a (base 14) to base 2
-1000111010000101010
What is -1261338 (base 9) in base 13?
-1b2042
What is -152214312 (base 6) in base 7?
-36055364
60cb38 (base 14) to base 4
30130121332
What is 8b97d (base 15) in base 7?
3530146
What is 1c98a5a (base 14) in base 5?
12133300120
What is -2034842 (base 11) in base 2?
-1101101101010010100111
Convert -1623244 (base 7) to base 10.
-224452
What is b7d98e (base 16) in base 15?
10d0022
Convert 27a372 (base 14) to base 6.
45231012
Convert 520242 (base 6) to base 12.
20082
What is 10001202022 (base 3) in base 10?
60326
Convert -342420114 (base 5) to base 9.
-2780853
What is -110101100000001101 (base 2) in base 9?
-363548
What is 168393 (base 16) in base 10?
1475475
What is -130652102 (base 7) in base 16?
-7f6556
Convert 10001101100010101000000 (base 2) to base 4.
101230111000
What is 341f9 (base 16) in base 4?
310013321
What is -644224 (base 8) in base 2?
-110100100010010100
What is -41144630 (base 8) in base 13?
-1a59034
What is 191193 (base 10) in base 6?
4033053
What is 412104423 (base 5) in base 8?
6310535
Convert -508376 (base 9) to base 4.
-1021211031
Convert -37262 (base 9) to base 8.
-60654
What is 6941 (base 11) in base 16?
23a0
Convert 63110551 (base 8) to base 7.
221645131
Convert -194a74 (base 15) to base 8.
-4544013
Convert 10110101110101101110100 (base 2) to base 5.
3011133031
What is 12340520 (base 8) in base 2?
1010011100000101010000
Convert 23433402 (base 7) to base 13.
578a27
What is 7300b (base 12) in base 6?
3120015
19c02c (base 16) to base 14
31d028
What is 4014024 (base 5) in base 2?
1111100010010111
-102071 (base 8) to base 5
-2040344
-4c1a (base 14) to base 16
-3428
What is 69508 (base 14) in base 3?
111000102011
What is 4336076 (base 10) in base 2?
10000100010100111001100
What is 8766c (base 14) in base 12?
139854
What is 100000000100011111000 (base 2) in base 3?
1222101112012
What is -4527678 (base 9) in base 7?
-26511044
Convert 1010001101101111010 (base 2) to base 10.
334714
5076821 (base 11) to base 14
1296981
1b7601 (base 12) to base 15
9a244
What is -2c6981 (base 16) in base 7?
-33511460
What is -2242155 (base 6) in base 3?
-12211010122
Convert 466608 (base 9) to base 11.
181767
Convert 1002201302111 (base 4) to base 9.
35731028
Convert -36631 (base 10) to base 15.
-acc1
3207056 (base 9) to base 2
110100011010101000111
What is 227317 (base 10) in base 3?
102112211011
30350820 (base 9) to base 5
12211401100
What is -110111011100111001 (base 2) in base 16?
-37739
Convert 10000100010000000010 (base 2) to base 7.
4414203
Convert 186342 (base 10) to base 3.
100110121120
-100011011101000100 (base 2) to base 4
-203131010
What is -1fd7b (base 16) in base 5?
-13133202
Convert 43333112 (base 7) to base 9.
6867388
Convert 147c2 (base 16) to base 6.
1444242
What is 110044030 (base 6) in base 13?
53a8b5
What is -11110000101010111 (base 2) in base 16?
-1e157
Convert 1481675 (base 10) to base 2.
101101001101111001011
Convert -1101322011 (base 5) to base 10.
-2370256
What is -1063224 (base 10) in base 5?
-233010344
What is 45812 (base 12) in base 13?
332a8
What is -514011 (base 7) in base 16?
-15708
Convert -10032044 (base 5) to base 9.
-132103
174454 (base 13) to base 4
2031302101
-133125 (base 7) to base 5
-1300412
What is -213024112 (base 5) in base 14?
-198cb6
Convert -1012201100121 (base 3) to base 10.
-643966
What is -14125564 (base 7) in base 10?
-1317754
Convert -10002022120111 (base 3) to base 16.
-190603
What is -4a01997 (base 12) in base 16?
-dc4443
375916 (base 10) to base 3
201002122211
What is 11111010100100 (base 2) in base 12?
9344
11a028 (base 11) to base 16
2e268
Convert 1153673 (base 10) to base 9.
2147478
Convert -733821 (base 9) to base 5.
-102422010
Convert -402182 (base 9) to base 8.
-720361
Convert -5120127 (base 8) to base 3.
-2112200021110
Convert 65016551 (base 7) to base 15.
744b98
Convert -40206214 (base 7) to base 12.
-1147081
-3714237 (base 8) to base 13
-29a2cc
10222210102212 (base 3) to base 2
1000000101111111101110
Convert -120012112011022 (base 3) to base 11.
-4619985
Convert 102020102200 (base 3) to base 7.
1610622
What is 1597365 (base 10) in base 16?
185fb5
What is -44441 (base 10) in base 7?
-243365
What is 1835614 (base 14) in base 12?
400a756
Convert -213372 (base 9) to base 3.
-20110102102
What is -1036435 (base 10) in base 9?
-1848644
Convert -121db6 (base 14) to base 11.
-393995
Convert -a7000 (base 11) to base 3.
-21220121200
What is -288618 (base 11) in base 15?
-8d7b8
-112321133 (base 5) to base 3
-221221200021
330044013 (base 5) to base 16
1580ea
What is 101022120012 (base 3) in base 4?
301211000
78342c (base 13) to base 10
2834844
What is -209583 (base 11) in base 9?
-560204
What is -170525 (base 9) in base 5?
-11333104
What is -957269 (base 10) in base 7?
-11064605
What is 174122 (base 10) in base 12?
84922
Convert -24330466 (base 9) to base 11.
-6790356
Convert 12012111010020 (base 3) to base 11.
1619584
What is -121130103 (base 4) in base 5?
-11313321
Convert a8a852 (base 13) to base 3.
21110102200201
Convert -79a349 (base 15) to base 6.
-324234240
What is -1813222 (base 10) in base 5?
-431010342
-314210341 (base 5) to base 8
-5021057
What is -3360005 (base 7) in base 11?
-26597a
7050431 (base 9) to base 14
6d9b2c
10001110110001100111 (base 2) to base 7
4653656
-3a5673 (base 12) to base 13
-2796b4
What is 34141664 (base 7) in base 4?
23110223333
What is -11033132 (base 5) in base 14?
-27002
-4aa48 (base 12) to base 11
-6a473
590418 (base 11) to base 3
1202122001020
-1989b4 (base 13) to base 12
-272916
-21201020210111 (base 3) to base 12
-145814a
What is -1304144 (base 5) in base 10?
-25549
Convert -2a6b41 (base 15) to base 10.
-2047786
-3131320222 (base 4) to base 15
-12e447
What is -4c49 (base 13) in base 2?
-10101001111101
166372 (base 8) to base 16
ecfa
What is 8379 (base 11) in base 15?
344c
What is -7225461 (base 9) in base 15?
-5124c1
What is 15577560 (base 8) in base 5?
1410314321
Convert 8071 (base 9) to base 4.
1130020
Convert -8ac44b (base 13) to base 15.
-44cb57
Convert 56d6 (base 16) to base 10.
22230
654081 (base 11) to base 8
3770674
1531211 (base 8) to base 9
738070
What is -2061d (base 15) in base 11?
-70119
What is -1710340 (base 9) in base 13?
-2741bb
18553321 (base 9) to base 12
3177684
What is -333323140 (base 5) in base 15?
-1ddc65
What is 1e3b9 (base 16) in base 7?
1024013
What is 67597 (base 12) in base 4?
201202003
Convert -23030103200 (base 4) to base 15.
-3ce4de
-122211031 (base 4) to base 16
-1a94d
Convert 68a01 (base 12) to base 3.
21002121101
-2031420221 (base 5) to base 6
-225213501
What is 1061d4 (base 15) in base 3?
1110122000201
122540430 (base 6) to base 12
967716
-955228 (base 16) to base 4
-211111020220
What is -30011131 (base 5) in base 3?
-102221120212
What is 15ea6 (base 15) in base 4?
101102112
-d80bc (base 14) to base 11
-326915
What is -458407 (base 9) in base 5?
-32301124
10101011100011100 (base 2) to base 10
87836
Convert -113132121021 (base 4) to base 2.
-10111011110011001001001
Convert 12b83bb (base 12) to base 13.
a06025
Convert 3c7d7 (base 15) to base 3.
100212022211
Convert 4112415 (base 6) to base 8.
577273
Convert -2066536 (base 7) to base 11.
-1623a2
-2028d4 (base 14) to base 4
-10020120022
What is 1f46da (base 16) in base 6?
111533334
36a269 (base 12) to base 7
10360362
Convert -15331 (base 13) to base 15.
-bd2d
What is 457c62 (base 13) in base 6?
55133520
-42010047 (base 8) to base 7
-135536114
Convert -1010001001010001110 (base 2) to base 8.
-1211216
-53530 (base 11) to base 16
-1300c
What is -216b4 (base 14) in base 15?
-18e90
2a3789 (base 11) to base 9
801404
Convert -30897 (base 11) to base 12.
-22059
What is -36551233 (base 8) in base 2?
-11110101101001010011011
What is 212388 (base 13) in base 14?
162c00
Convert -3200001 (base 6) to base 15.
-31131
What is -10101010110010111 (base 2) in base 7?
-512643
What is -38574a9 (base 11) in base 9?
-13520678
-11351660 (base 9) to base 5
-2403310011
What is -10122011010220 (base 3) in base 11?
-10aa563
Convert 111101011011110010101001 